)
-8
What is -9 - (2 + -10) - (0 - -4)?
-5
5 + -7 - (6 - 4)
-4
Evaluate (-10 - -14) + (-3 - (2 + -2)).
1
Evaluate -3 + (-4 - -12) + -4.
1
What is the value of (0 - 2) + (1 - -10)?
9
Calculate -10 - -9 - (-1 + 4).
-4
What is the value of 0 + -3 + -2 + 4 + 0?
-1
6 - (-6 + 16 + -5 - 3)
4
What is -3 + (0 + 2 - (12 - 13))?
0
What is the value of -7 - (7 + -7 - 2)?
-5
Evaluate (5 - -9 - 10) + 2.
6
Calculate -3 + (-14 - -7) + 1.
-9
2 + -7 - 2 - (-3 + -1)
-3
What is the value of -1 + -2 + 6 + 2?
5
What is (67 - 69) + 5 + 1 + -2?
2
11 + -7 + -3 + 11 - 6
6
Calculate 4 + (6 - 8) - -4.
6
What is 4 + (9 + -15 - 3)?
-5
What is the value of (1 - -1) + 1 + -1?
2
What is 2 + -1 - (-16 + 13)?
4
Evaluate 20 + -1 + 44 + -56.
7
What is the value of -6 + (2 - -3) + 3?
2
What is the value of -1 - (4 + (-4 - -4))?
-5
Evaluate 8 - 10 - (-1 - 7).
6
What is the value of 1 + -9 - (-40 - -30)?
2
What is the value of 12 + (-2 - (-3 + 8))?
5
Calculate 6 + -3 + (-6 - (-14 - -9)).
2
What is -5 + (1 - (-1 - 7))?
4
What is the value of -35 - -35 - (0 + 0 + -1)?
1
What is the value of 21 + -20 - (-3 - (3 - 2))?
5
Calculate 2 - 0 - (-3 + 2 + -1).
4
What is -13 + 19 + -21 + 6 + 1?
-8
0 - -12 - (-70 - -74)
8
What is the value of -9 + 10 - (1 - -2)?
-2
What is the value of 0 - (-1 - (-5 + 2)) - -1?
-1
Calculate (-1 - -1) + (15 - 10) + -1.
4
Evaluate -2 - -6 - 7 - -1.
-2
What is the value of -10 - (-14 + -3 + 10)?
-3
Evaluate -2 + 0 + 4 - (0 + -3).
5
What is the value of -3 - (18 + -24 + (-1 - -5))?
-1
What is the value of (-6 - -5) + 1 - (-4 - -2)?
2
Calculate -11 + (0 - 2 - -3).
-10
What is 2 - (-5 - (0 + -2)) - 5?
0
What is the value of -9 - (-3 + (0 - 3))?
-3
6 + (-5 - -2) - 9 - -12
6
6 + -5 + 0 + 0
1
What is the value of 0 + -3 - (-8 + 9) - -2?
-2
What is 0 - -2 - (-4 - -4)?
2
Evaluate 3 - ((4 - -7) + -5 + 1).
-4
Calculate -14 - -15 - (-1 + 3).
-1
What is the value of 3 - (1 + -4 + 4)?
2
Evaluate -5 - -1 - (-62 - -63).
-5
Calculate (3 - (5 - 3)) + -3 + 3.
1
Calculate (-36 - -36) + -4 + (-1 - -2).
-3
What is the value of 5 + 0 + -3 + -1 + 0?
1
Calculate -5 - ((-1 - 3) + (-16 - -21)).
-6
What is the value of 9 - (0 + 1 - -5 - 4)?
7
Evaluate -1 - -4 - (-2 - -9).
-4
What is -5 - ((5 - 5) + (-1 - 3))?
-1
-2 + (1 - 0) + 4 - 6
-3
What is the value of -5 + 18 + -9 + -6 + 3?
1
Evaluate (9 - (9 - 2)) + (-4 - 1).
-3
What is (6 - (-6 - -8)) + -3 - 3?
-2
What is the value of (-5 - 0) + (10 - 2)?
3
What is -2 - ((-8 - 6) + 6 + 1)?
5
What is the value of (5 - (-1 - -2)) + -2?
2
What is 1 + 1 + -2 + (-5 - -1)?
-4
Calculate -2 + (-4 - -2) + 8 + -6.
-2
What is 4 + 3 + (-19 - -5) + 13?
6
What is 0 + 3 - (8 + -9)?
4
Calculate 2 + -1 - (-6 + -3 - -5).
5
1 - -1 - -2 - -1
5
(-13 - 2) + 13 + -2 + -1
-5
What is 0 - (2 - 4 - -4 - 5)?
3
What is 1 + (10 - 8) + -4?
-1
Evaluate 6 - (9 + 3) - -6.
0
What is the value of -11 - (2 - 6) - -8?
1
What is (0 - -1 - -2) + -8?
-5
What is the value of 1 - ((-1 - 3) + 9 + -1)?
-3
Calculate 11 + -4 + 4 + 9 + -11.
9
Evaluate -3 - -1 - (-5 + 0 + 1).
2
Evaluate 2 + (2 + 1 + 0 - 2).
3
What is 1 - (7 - (-2 + 4) - 0)?
-4
(-4 - 1) + -31 + 43
7
What is the value of -3 + 3 - (3 + -3)?
0
Evaluate 2 + 3 + 1 - 2.
4
What is the value of (-7 - -1) + (-88 - -97) + -4?
-1
What is (0 - 0) + 1 + 0?
1
8 + (-3 - 1) + 1
5
-4 - ((3 - 6) + 2)
-3
What is the value of 1 - -12 - (-6 - -1 - -8)?
10
Calculate 4 - 4 - 4 - (-7 - -1).
2
Evaluate (-1 - (0 + -1)) + (62 - 63).
-1
Evaluate 6 + -3 - -1 - 2.
2
Calculate (-1 - -4) + (3 - 9).
-3
What is the value of -2 - (-1 - 3 - -7)?
-5
Calculate (3 - ((1 - 10) + 7)) + -7.
-2
What is the value of -7 + -10 + 5 + 6 + -1?
-7
What is the value of -2 + (0 - ((-8 - -2) + 0))?
4
What is the value of 24 + (0 + -8 - -3) + -8?
11
What is the value of (-1 + 4 - 2) + (3 - 2)?
2
Evaluate 2 - 3 - 0 - -3 - 4.
-2
Evaluate (0 + 9 - (-2 - -7)) + 0.
4
What is 7 + -3 + -1 - 3?
0
Calculate (-2 - -6) + (1 - 3).
2
Calculate (-1 + 3 - 4) + 1.
-1
What is the value of -5 - (-5 + (-4 - 2)) - 4?
2
Evaluate 1 - -4 - 10 - -9.
4
Calculate 14 + -14 + 7 + 5 - 3.
9
2 - (-1 + -1 + 0 - -7)
-3
Evaluate 1 + (2 - 4) + -1.
-2
5 - (5 + -5 + 8 + -2)
-1
What is the value of -4 + -1 + 3 - (-3 - -6)?
-5
(-16 - (-14 + 2)) + 12
8
Evaluate -4 - (2 + 1 + (14 - 20)).
-1
(-8 + 8 - 1) + 10
9
Evaluate 1 - 5 - (-1 + (9 - 6)).
-6
What is -2 + -9 + 13 + -4?
-2
What is (-96 - -92) + (5 - -1)?
2
-2 - (-1 + (8 - 16))
7
What is the value of 2 + (2 + -12 - -2) + 2?
-4
(3 - 2) + (55 - 60)
-4
What is 2 - (-2 - (2 + -3))?
3
Evaluate -2 + (0 - (1 + -5 + 2)).
0
Evaluate (-21 + 8 - -11) + 0 + 4.
2
Calculate 1 + 5 + (4 - 5) - 3.
2
What is (8 - 8 - 4) + -2 + 1?
-5
Evaluate (-4 - -15) + 5 + -12.
4
Calculate (-4 - -7) + 1 - 2.
2
What is the value of 0 - ((15 - 10) + (0 - 0))?
-5
Calculate 4 + -1 - (-13 - -12 - -5).
-1
What is 2 - -2 - 6 - (-5 - 0)?
3
-123 + 117 + -1 + 5 + 2
0
Calculate 3 + -3 + (4 - 5).
-1
What is the value of -7 + -5 + 11 - (0 - 2)?
1
Calculate 2 + -12 + 8 - 1.
-3
Calculate -1 + (-1 + 1 - (9 - 10)).
0
-8 + (-13 - -6) + 12 + 0
-3
Evaluate (1 - (-4 - -11)) + 11.
5
What is the value of 0 + (8 - (4 - -10))?
-6
Calculate -1 + -1 - (15 - 19).
2
(-3 - -2) + -4 + 7
2
Calculate -8 + (0 - (-8 + 4)).
-4
Calculate -11 + (-2 - -14) - 0.
1
What is the value of 2 - (-4 + 6 + -1 + -2)?
3
What is the value of 7 + -13 - (-1 + -3)?
-2
What is the value of (9 + 12 - 7) + -8?
6
What is the value of 9 + 11 + -5 + -10?
5
Calculate -16 + 9 - (0 - 4).
-3
Calculate 1 + 1 - (9 + 1 + -5).
-3
What is the value of -1 - ((2 - 4) + (-15 - -11))?
5
Evaluate 1 - (7 - (0 + 6)).
0
What is (6 - 4) + 9 + -4 + -8?
-1
7 - (-2 + 5 - 1) - 1
4
What is the value of (-2 - 1 - -1) + 4?
2
3 + (4 - 18) + 4
-7
2 + (1 - 9) + (-6 - -12)
0
What is (1 - 1) + 11 + (25 - 30)?
6
Evaluate 3 - (1 - (-7 + 0)).
-5
11 - 1 - 10 - 0
0
Calculate (-1 - (-2 + 1)) + 34 + -37.
-3
Calculate -2 + (4 - -1) - 2.
1
Calculate 21 + -25 - (0 - -2 - 4).
-2
(-1 + 2 - -3) + 8 + -14
-2
What is -6 + (-2 - -1) + 7 + -3?
-3
(-6 - -9) + (-3 - -3) - -2
5
What is the value of (1 + -6 - -4) + -2?
-3
What is 21 - 18 - (2 + -1 - 0)?
2
Calculate (2 + 2 + -5 - -6) + -2.
3
What is 3 + (-6 - 2) + 4 + 1?
0
What is the value of (11 - 22) + 10 + -7?
-8
Evaluate -2 + 0 - (-6 + 0).
4
4 + (5 + -10 - -3) + 3
5
What is the value of 0 + -11 + -2 + 6 + 2?
-5
What is the value of -6 + 2 - (7 + -10)?
-1
What is the value of 0 + (2 - -1 - 8)?
-5
Evaluate -4 + (2 - -1) - 0.
-1
Calculate 2 + (-2 + -3 - -5).
2
What is (-2 - -5) + (-9 - 2)?
-8
Calculate 33 - 29 - (-1 - -14).
-9
What is the value of 8 + (-13 - -4) - 5?
-6
Evaluate -2 + -5 + (-6 - (-6 + -13)).
6
-1 - 4 - (-7 - -5)
-3
Evaluate -5 + 9 + -4 - (1 - 4).
3
-12 + (3 - -2) + 3
-4
Calculate -6 + 2 + (0 - 1).
-5
(4 - -2) + (-11 - (-5 - -3))
-3
Calculate -8 - -8 - -4 - -6.
10
Calculate (9 - -2) + -8 + (-5 - 1).
-3
Calculate -12 - (-13 + 4) - 3.
-6
What is 1 - -3 - (-5 + 3 + 5)?
1
What is 17 + -9 - (-5 + 20)?
-7
What is (-6 + 3 - 6) + 7?
-2
Calculate 0 - -3 - (-1 - (-2 + -4)).
-2
Calculate -3 + -6 + 7 + -4 - 1.
-7
Calculate (-27 - -32) + (4 - 1).
8
What is (3 + -1 + -6 - -2) + 7?
5
What is -6 - ((1 - 3) + 1 + 4)?
-9
Evaluate 10 - (-3 + (-3 - -10)).
6
Evaluate (4 + -2 - -2) + -8.
-4
1 + -1 + -1 + 4 + 2
5
Evaluate 4 + 11 + -11 + 3.
7
What is the value of (-31 - -34) + (1 - 10)?
-6
0 + -3 - (-47 + 41)
3
What is the value of (-4 - (-2 - -3)) + (-3 - -2)?
-6
What is the value of 0 + (-9 - -9) + -2 + 5?
3
What is the value of 9 + -15 + 1 + 4 + -1?
-2
What is the value of -1 + -1 - -9 - (-5 + 13)?
-1
Calculate -2 + (16 - 9) + -1.
4
0 + -2 + (3 - -3)
4
What is the value of 6 + 2 + (-4 - -2) + -2?
4
Evaluate 4 + (-25 - (-3 - 9)).
-9
What is (5 - (5 + -3)) + -7 + 4?
0
-1 - (6 + -3) - 0
-4
Evaluate -1 - -3 - (0 - -1).
1
What is -4 - ((-3 - (5 - 1)) + 4)?
-1
Evaluate (0 - (-12 - -6)) + -5 - 0.
1
What is 1 + 4 + 0 + -5?
0
Calculate -7 + 0 + 2 - -6.
1
-7 + -2 + 12 + (-6 - 0)
-3
What is (-10 + 11 - 1) + 4 + 0?
4
Evaluate 12 + 9 + -12 - 17.
-8
-3 + (8 - 8) + 1
-2
Evaluate (0 - (-1 + 1)) + (1 - 0).
1
(-2 - (-3 + 4)) + -5 + 4
-4
What is (2 - (-1 - -1)) + -36 + 34?
0
What is (4 + -9 - -13) + -3 + -3?
2
What is the value of 4 + -1 + (-3 + 2 - 4)?
-2
What is the value of -2 - 2 - ((1 - 0) + -2)?
-3
Evaluate 3 + (-1 + -1 - (-6 - -3)).
4
Calculate -53 + 48 + 1 + -1 + 4.
-1
Calculat